Is j(b) a composite number?
False
Suppose -4*i + 1 = 5. Let h be (i - -4 - 5) + 161. Suppose 9*j - 10*j + h = 0. Is j a composite number?
True
Suppose 0 = 2*y - 4 - 4. Suppose 0 = 5*m - 25, 0*z + y*m = -z + 313. Is z a prime number?
True
Let m be 7 - 9 - (-1 + -2). Is (-6336)/(-30) + m/(-5) a prime number?
True
Let l = 7205 - 4224. Is l prime?
False
Let r = -129 - -335. Suppose -l - r = -583. Is l composite?
True
Suppose -83 = p - 4*p - 2*k, -62 = -2*p - 3*k. Suppose 29*w + 308 = p*w. Is (14/49)/((-1)/w) prime?
False
Suppose 741 + 7146 = 3*x. Is x composite?
True
Let a(m) = 8*m - 2. Let t(j) = j**3 - 12*j**2 + j - 8. Let l be t(12). Let h(d) = -d**3 + 5*d**2 - 3*d - 2. Let x be h(l). Is a(x) a prime number?
False
Let n(l) = 132*l - 41. Is n(18) composite?
True
Suppose -19500 = 24*x - 19*x. Is (-2)/(-6) + x/(-45) a prime number?
False
Let x(k) = 5*k**3 - 13*k**2 + 23*k - 188. Is x(11) a prime number?
True
Is 2/(1/(-8) - (-12170)/96080) a prime number?
True
Suppose -2*y = -4*b - 914, -4*y = -3*y - 4*b - 467. Suppose -u - 2*u + y = 0. Suppose -3*t + u = x - 177, 2 = -2*t. Is x composite?
True
Let o = 5414 - -4767. Is o composite?
False
Suppose 0 = -0*o + 2*o - 44. Let d = -44 + o. Let z = 89 + d. Is z prime?
True
Let i(m) = -49 + 2*m + 2*m - 2*m**3 - 93. Let u(s) = 3*s**3 - 7*s + 285. Let b(x) = 5*i(x) + 3*u(x). Is b(0) a prime number?
False
Let q = 16273 + -11390. Is q a prime number?
False
Let r(q) = 522*q + 7. Let g be r(5). Let x = 4092 - g. Suppose 1166 = 4*j + 3*w, 5*j + 0*j - x = 5*w. Is j a prime number?
True
Let d(b) = -1266*b**3 - 6*b**2 + b - 10. Is d(-3) composite?
True
Let f(i) = -i**3 - 15 - 19 + 9*i + 37. Is f(-5) composite?
False
Let l(x) = 51*x + 3. Let t(p) = 50*p + 5. Let m(u) = 3*l(u) - 2*t(u). Suppose 2*s = 6*s - 16. Is m(s) a composite number?
False
Suppose -10 = -q + 5*a + 25, 3*a = 5*q - 65. Let w(p) = 3 - 2*p - 5*p**2 + 4*p**3 - 5*p**3 + 4*p**2 + q*p**2. Is w(7) composite?
True
Let j(b) = 4162*b - 9. Let f = -46 + 47. Is j(f) prime?
True
Let b be (-4)/(-18) + 4356/81. Let w = 67 - b. Is w a composite number?
False
Let u = 43 + -21. Let r = u + 21. Is r a prime number?
True
Is (3 - -2) + 7 + 5098 + 1 a prime number?
False
Let z(t) = 1940*t**2 + 2*t - 4. Let a be z(3). Let o = -8721 + a. Is o a prime number?
True
Let z(m) = m**3 - m**2 - 6*m - 1. Let d be 0 - 1/2*-4. Suppose -7*j + 2*j + 24 = 2*y, -d*j + 3*y + 2 = 0. Is z(j) composite?
False
Let i = -546 - -883. Is i a prime number?
True
Suppose 0 = 83*r - 80*r - 142113. Is r prime?
False
Is 38904/(-16)*(-2)/(-9)*-3 a composite number?
False
Is (1 - 1/(-2))/((-60)/(-1516280)) a composite number?
False
Suppose 0 = 4*z + 2*y - 10618, 5*y + 3166 = 5*z - 10144. Is z a composite number?
False
Suppose 229*p - 232*p = w - 21241, 3*p - 63723 = -3*w. Is w composite?
True
Suppose 459295 = 6*a + 190441. Is a composite?
False
Let h(o) = -o**3 - o**2 + 6*o. Let g be h(-3). Suppose m + 1012 = 3*z - 0*z, g = -3*z - m + 1010. Is z a prime number?
True
Suppose 8*c + 62672 = 230680. Is c composite?
False
Suppose 24 = 2*j + 2*j. Suppose j = -g + 159. Let w = -102 + g. Is w prime?
False
Let h = 84 - 80. Suppose -6*p + 1270 = -h*p. Is p prime?
False
Is 6/(-51) - (-64215)/51 composite?
False
Let n = 37 - 34. Suppose 22 + 156 = n*b - 2*a, 0 = 2*b + 2*a - 112. Is b a prime number?
False
Let w(l) be the third derivative of -l**6/120 - 2*l**2. Let y(k) = 2*k**3 - 18*k**2 - 16*k - 8. Let q(i) = -3*w(i) - y(i). Is q(-15) a composite number?
False
Let i be 1*2 + (0 - 0). Let p(s) = -s**2 - 2. Let v(c) = -14*c**2 + 3*c + 3. Let o(a) = -2*p(a) - v(a). Is o(i) a composite number?
False
Let n = 9 - 2. Let t = 9 - n. Suppose 2*x = -2*w + 16, x + t*x - 15 = 0. Is w a composite number?
False
Let d be (-12)/(-16) - (-32815)/(-20). Let a = d + 2739. Is a prime?
False
Let y(r) = -2*r**3 + r**2 - r + 62383. Is y(0) prime?
True
Let j be (1 - -1 - 5) + 5916. Suppose j = 7*d + 264. Is d prime?
False
Let b(i) = i**3 - i**2 + 4. Let f be b(2). Let m(t) = t**2 - 9*t + 11. Let z be m(f). Suppose 214 = 4*g - 3*q, 4*g + q + z*q = 228. Is g prime?
False
Suppose 4*s = -2*i + 2*s + 8, 0 = -2*i + 4*s + 14. Suppose i*d + 303 = 868. Is d a composite number?
False
Let t(z) = 5*z**2 - 6*z - 5. Let y(i) = -i**3 - 5*i**2 - 6*i - 3. Let o be y(-2). Is t(o) a prime number?
False
Suppose 3*n = -s - 4*s + 1917, -s - 5*n + 401 = 0. Is s a prime number?
False
Suppose -5*x - 3*i + 3421 = 0, -i - 1792 - 1621 = -5*x. Suppose 10*y + x = 11*y. Is y a composite number?
False
Let z = 1730 - 453. Is z a prime number?
True
Let i(r) = 8*r**2 - 3*r + 8. Let m(z) = -5*z + 1 + z**3 + 9*z - 3*z**2 - 5*z. Let u be m(2). Is i(u) composite?
False
Let r = 90 - -11. Let c = 207 - r. Is c a composite number?
True
Let u be ((-1392)/36)/(2/(-3)). Suppose -k = 5*c - 41, c = 4*k - 0*c - 80. Let w = u - k. Is w a composite number?
False
Let j be 1/((9/(-3))/(-15)). Suppose j*b - 235 = 10. Is b a composite number?
True
Let u(w) = 7*w**3 + 6*w**2 + 7*w + 75. Is u(10) composite?
True
Let n = -14 - -23. Suppose 3*t + n = -5*i + 57, 0 = -4*i - 5*t + 41. Is (0 - 267)*(-3)/i a composite number?
False
Suppose 3*y - 30926 = -h + 70704, 0 = 2*h + 4*y - 203258. Is h a composite number?
False
Suppose 3*z + 5*r - 15197 - 81839 = 0, -1 = r. Is z a prime number?
False
Let a(d) = d**3 + 2. Let w be a(0). Let y be w/(-3) + 14/3. Suppose 2*b = r + 505, -y*b + 1014 = r + r. Is b prime?
False
Suppose -43755 = -13*u + 10*u. Is u a composite number?
True
Suppose -3*a = -174586 + 42085. Is a a prime number?
False
Let p be -4 - (-7 + 4 + 0). Let x be -1 - (p - 9*-3). Is (-2235)/x - (-6)/27 composite?
False
Let a = -55 - -65. Suppose -a*b + 8212 = -6*b. Is b composite?
False
Let q = -22407 - -36236. Is q a prime number?
True
Let k(w) = 28*w - 17. Let d be k(-9). Let h = 918 + d. Is h a composite number?
True
Suppose -12*p + 28343 = 5*q - 11*p, 5*p - 22666 = -4*q. Is q a prime number?
True
Suppose 0 = 2*n + n - 9. Suppose -4*u - 4*b - 8 = 0, n*b = -u + b - 2. Is u/(3 - 766/254) composite?
False
Let p = 40624 - 579. Is p prime?
False
Let y = -3 - -7. Suppose -y*o = -27 - 9. Let v(g) = 23*g - 4. Is v(o) prime?
False
Let t(o) = 432*o - 35. Is t(26) a prime number?
True
Suppose 2*p + 4 = 0, -p - 966 = 2*i - 244. Let t = i - -2555. Is t composite?
True
Suppose -221 = -4*m + 23. Suppose -m*c - 1905 = -66*c. Is c composite?
True
Let l be ((-1)/3)/(1/(-1182)). Let h = -191 + l. Is h a composite number?
True
Let n(q) be the first derivative of 4*q + 4 + 2/3*q**3 + 3/2*q**2. Is n(-15) composite?
False
Let x be ((-36)/(-20))/((-5)/(-50)). Let d = 95 - x. Is d a composite number?
True
Is (-55084)/(-12) - (-3 - (-21)/9) prime?
True
Suppose d - 3*x = -4657, -3*d = -0*d + 3*x + 14031. Is (-1)/3 + d/(-12) prime?
True
Let u(j) = -29*j**3 - j**2 + 8*j + 15. Is u(-4) a composite number?
False
Let g(v) = -44*v**3 + v**2 + 2*v - 1. Let m be g(-3). Suppose m = j - 2469. Is j prime?
True
Is -9 - (-9 + -689 - 0) a composite number?
True
Let d = 3 - 0. Suppose -d*v = 8*c - 5*c + 237, -c + 83 = -v. Let l = 282 + v. Is l composite?
True
Let c = 331 - -1510. Is c a composite number?
True
Let p be (-27)/7 + (-1)/7. Is (-762)/p*2/3 prime?
True
Suppose 1 = -t, 0 = -4*o - o + 2*t + 17. Suppose -o*r + v + 2*v = -108, 0 = -5*r + 4*v + 178. Is r a prime number?
False
Suppose 0 = -14*q + 479132 - 131218. Is q a prime number?
True
Let c(v) = 12535*v + 42. Is c(1) composite?
False
Suppose r + 0*y - 91890 = -3*y, -y - 1 = 0. Is r prime?
False
Let b be 1 - 2*9/(-6). Let a be (9 - b)*74/5. Is 1/(-6)*a*-6 a composite number?
True
Let w(t) = -t**3 - t**2 - t + 1. Let r(b) = 3*b**3 - 4*b**2 - 2*b + 5. Let u(i) = r(i) - 4*w(i). Let d be u(-1). Is (20/d)/(-5)*622 a composite number?
False
Suppose -17*c + 13*c = -7204. Is c a composite number?
False
Let d(l) = -l**3 + 13*l**2 + 17*l - 21. Let p be d(14). Suppose t = 53 + p. Is t composite?
True
Let r(o) = o**2 - 6*o - 9. Let a(f) = f**2 - f - 1. Let b(z) = 2*a(z) - r(z). Suppose 5*w = -10, 6*v - 2*v + 3*w = 18. Is b(v) a prime number?
True
Suppose 748*p = 759*p - 43373. Is p a prime number?
True
Let l(d) = -2*d + 20. Let u be l(8). Suppose 9*n - 745 = u*n. Is n a prime number?
True
Let t = -7 - -5. Let o be (-3)/2*t*-1. Is (-6)/(-4)*(-118)/o composite?
False
Is (0 - (-213)/(-6))